z*g + 4*i, 0 = y*i - 5 - 0. Calculate the remainder when g is divided by 17.
14
Let z(a) = 3*a + 17. Calculate the remainder when 26 is divided by z(-3).
2
Calculate the remainder when 1965/(-10)*(-8)/12 is divided by 35.
26
Suppose -2*n = 3*p + 30 - 67, 2*n - 58 = 4*p. Let u = 336 - 109. Calculate the remainder when u is divided by n.
20
Let z = 7 - -121. Calculate the remainder when z is divided by 26.
24
Let u = 561 + -258. What is the remainder when u is divided by 47?
21
Calculate the remainder when ((-19)/(-5))/((-4)/(-20)) is divided by 5.
4
Let h(k) = -k**3 - 8*k**2 - k + 1. Let o be h(-8). Calculate the remainder when (8 - o) + 50/2 is divided by 13.
11
Let k = -152 - -176. Calculate the remainder when k is divided by 21.
3
Suppose 0*k - 188 = -4*k. Suppose -2*v - 96 = -785*d + 781*d, -5*v - 96 = -4*d. What is the remainder when k is divided by d?
23
Let u = 94 + -16. Let q = 153 - u. Suppose 3*c - q = -0*c. What is the remainder when 74 is divided by c?
24
Suppose 2*j - 18 = -4*j. Suppose -71 + 17 = -j*f. Let o(v) = v**3 - 3*v**2 - 2*v - 3. Calculate the remainder when f is divided by o(4).
3
Suppose 0 = 3*w + r - 818, -2*w - 5*r + 3*r + 540 = 0. Suppose 5*i + 95 - w = -4*t, 3*i = -3*t + 108. What is the remainder when 68 is divided by i?
33
Suppose 4*x - 7*x + 372 = 0. Calculate the remainder when x is divided by 6.
4
Let u = 46 + -29. Suppose -12*z - 65 = -u*z. What is the remainder when z is divided by 1*(-1)/((-2)/6)?
1
Let w(b) = b + 1. Let f(k) = -6*k - 10. Let a(c) = f(c) - 2*w(c). What is the remainder when 38 is divided by a(-4)?
18
Let q(u) = -u**2 + 11*u - 1. Suppose -y = 3*g - 14, -1 = -5*y - 5*g + 49. Calculate the remainder when -1*((-5)/15)/(3/387) is divided by q(y).
20
Let g = 1091 - 981. What is the remainder when g is divided by 57?
53
Let x = -872 - -1575. What is the remainder when x is divided by 16?
15
Let n be 57/((4 - 3)*1). Suppose -3*g - 24 + n = 0. Calculate the remainder when 30 is divided by g.
8
Suppose -2*s = 10, -47*p + 43*p = 3*s - 881. What is the remainder when p is divided by 57?
53
Let h = -6 + 24. Let c be (-3 - 1)*(-3)/2. Suppose 3*n - 62 = i - c*i, 36 = 2*i + 4*n. Calculate the remainder when h is divided by i.
8
Suppose 0*s - 5*z = 2*s + 19, -4*z = s + 14. Suppose -p + 3*p - 5*v = 58, 4*p - 2*v = 84. What is the remainder when (-1)/(s - (-218)/110) is divided by p?
17
What is the remainder when ((-1000)/12)/(-2*1/15) is divided by 37?
33
Suppose 0 = -3*h + 28 + 50. Suppose 0*n + 2*n = h. What is the remainder when n is divided by 3?
1
Suppose -4*g = 3*l - 74, 77 = 5*g - 0*g - 4*l. Calculate the remainder when 48 is divided by g.
14
Let l = -415 - -601. What is the remainder when l is divided by 27?
24
Let u = 87 - 60. Let q be (-2)/(-4) + (-3)/2. What is the remainder when u is divided by -2 - 17*(-2 - q)?
12
Suppose -3*b - 3*w + 213 = 0, b + 3*b - 4*w = 252. Let m = b + -49. Calculate the remainder when 69 is divided by m.
15
Let a(r) = -5*r**2 - 1. Let m be a(1). Let o be (m/9)/(4/6). Calculate the remainder when 19 is divided by o/(4 - 3) - -11.
9
Let h(t) = -4*t + 201. Calculate the remainder when 37 is divided by h(47).
11
Let y = 1466 + -1405. Calculate the remainder when y is divided by 32.
29
Let n = -10 + 16. Calculate the remainder when (-5 + 9/2)*-30 is divided by n.
3
Let r = -30 + 43. Let g = 1453 - 1392. Calculate the remainder when g is divided by r.
9
Let b = -45 + 73. Suppose 5*u - b = 12. What is the remainder when -14*(1/(-1))/1 is divided by u?
6
Suppose 0*m + m - 2*p = 127, -5*p + 403 = 3*m. Calculate the remainder when m is divided by 11.
10
Suppose -3*c + 168 = -0*c - 5*b, -3*c + 2*b = -168. What is the remainder when 389 is divided by c?
53
Let f(l) = -l**3 + l**2 - 5*l - 4. What is the remainder when f(-3) is divided by 2*(13/5)/(12/30)?
8
Suppose 23 + 13 = 2*i. What is the remainder when 35 is divided by i?
17
Let p(q) = -q**3 - 2*q**2 + 3*q. Let j be p(2). Suppose 2*m - 13 = 5. Calculate the remainder when 44 is divided by m/6*j/(-1).
14
Let p = 4 - 3. Let y = 209 - 208. Calculate the remainder when y is divided by p.
0
Suppose -f - 3974 = -3983. What is the remainder when 62 is divided by f?
8
Suppose 0 + 2 = c. Suppose -20 = -c*v + 4. Calculate the remainder when 2/v + 311/6 is divided by 14.
10
Let v = 280 + -180. Suppose 0 = 5*b - 5*z + v, 2*z - 25 = 2*b + 3*z. Let h = -11 - b. Calculate the remainder when h is divided by 2.
0
Let n be (-2)/(-5) + (-39)/(-15). Suppose 4*k + 5*r = 2*k + 13, -n*r = -4*k - 13. Let d(b) = 39*b**2 + b + 1. What is the remainder when d(k) is divided by 21?
18
Calculate the remainder when (27/18)/((-6)/(-136)) is divided by 2.
0
Let i(u) = -31*u**3. Calculate the remainder when 180 is divided by i(-1).
25
Let g = 1125 + -1114. What is the remainder when 173 is divided by g?
8
Let r(i) = 3*i + 2. Let k = -9 + 11. Suppose -k = 2*v - 8. What is the remainder when r(v) is divided by 5?
1
Suppose 3*g - 94 = g. Let n(l) = 3*l**3 - 40*l**2 + 15*l - 14. Calculate the remainder when g is divided by n(13).
11
Let l(n) = 60*n - 94. Calculate the remainder when l(5) is divided by 72.
62
Suppose 92 = 13*v - 8*v + 3*p, -p = 1. What is the remainder when (1 - -16)/((-1)/(-2)) is divided by v?
15
Suppose 2*b - 77 = 17. Suppose -o + 1 = -1. Suppose 0 = -2*j + o*s + 48, 2*j = -3*s + 36 + 12. Calculate the remainder when b is divided by j.
23
Suppose 5*n + 81 = p, 7*n - 3*n = 5*p - 300. What is the remainder when p is divided by ((-58)/4)/(1/(-2))?
27
Suppose 957 = 4*r + 5*o, o - 2*o + 5 = 0. What is the remainder when r is divided by 40?
33
Let t = -377 - -424. What is the remainder when t is divided by 16*3*2/6?
15
Let t(g) = 4*g**2 + g + 1. Let s be t(-1). Suppose -s*k + 208 = 56. Calculate the remainder when k is divided by 10.
8
Let q(x) = x**3 + 12*x**2 - 8*x + 81. What is the remainder when 61 is divided by q(-13)?
13
Suppose -9*p + 150 = -3*p. Let n = 31 + 35. Suppose 2*d - 29 = -3*k, -n = -5*k - 3*d - 19. What is the remainder when p is divided by k?
4
Let u = -382 + 456. What is the remainder when u is divided by 15?
14
Calculate the remainder when 8/52 + (-8)/(-78)*1266 is divided by 19.
16
Let q(b) = 4*b**2 - 2*b - 3. Suppose 4*g - g = 420. Suppose 0 = 9*r + r - g. What is the remainder when q(-4) is divided by r?
13
Let k = -119 + 138. Calculate the remainder when 151 is divided by k.
18
Let n(x) = -2*x + 49. Calculate the remainder when 26 is divided by n(17).
11
Suppose f = 5*j - 8 + 28, 0 = 5*f + j - 126. What is the remainder when 137 is divided by ((-4)/(-10) - (-265)/f) + 3?
11
Let b(f) = -2*f**3 + f + 1. Let y be (-2)/5*(-3 - -2)*-5. Let u(w) = -w**3 - 10*w**2 - 11*w - 12. What is the remainder when b(y) is divided by u(-9)?
3
Let x(r) = -r**3 - r**2 - 2*r - 2. Let z(u) = 6*u + 23. What is the remainder when z(7) is divided by x(-3)?
21
Suppose 0 = -r, 0 = -d - 0*d - r + 15. Let u = -9 + d. Suppose 4*o = 7*o - 84. Calculate the remainder when o is divided by u.
4
Let v = 0 + 63. Let x = -11 - -44. What is the remainder when v is divided by x?
30
Let p(n) = n**3 + n**2. Let l = 116 - 52. Let j = -51 + l. Calculate the remainder when p(3) is divided by j.
10
Suppose -2*d + 11 + 1 = 0. Suppose 0*c - c + 3 = 0. Suppose -64 = -c*j + 5*f, 4*f - 5 = -f. Calculate the remainder when j is divided by d.
5
Suppose 5*y + 22 = 3*w - 24, -3*w + 58 = -2*y. Let b(a) = a**2 - 4*a + 8. What is the remainder when w is divided by b(3)?
2
Let q = -13 + 19. Let s(n) = -n**3 + 17*n**2 + 18*n + 8. Let u be s(18). Suppose -5*h + u*h = q. Calculate the remainder when h is divided by 2.
0
Let w(b) = b**2 + 7*b - 8. Let z be w(-8). Let j(v) = -v**2 + 2*v + 14. Let g be j(z). Calculate the remainder when 70 is divided by 4/(-21)*-9*g.
22
Let p(o) = -o**3 - 11*o**2 + 15*o + 18. Let a be p(-12). Suppose 14 = -4*m + 58. Calculate the remainder when m is divided by (-15)/(-2) - a/(-12).
5
Suppose 4*r - 7*r + 9 = 0. Suppose 0 = f + r*s - 19, f - 3*s - 21 = -8*s. Calculate the remainder when f is divided by 6.
4
Suppose -5*t = -4*f - 132, -t + 9 = 4*f - 3. Suppose 3*p - 13 = 29. What is the remainder when t is divided by p?
10
Let x = 1204 - 1189. Calculate the remainder when 987 is divided by x.
12
Suppose 0*q - 18 = 2*q. Let c = 19 + q. Suppose y - 27 = -2*v, 10